s the highest common factor of s and 1?
1
Let j(i) = -2*i + 6. Let o be j(6). Suppose -3*t = t - 16. Let s be t/o*(-29 - 1). Calculate the greatest common divisor of s and 50.
10
Suppose 2 = -4*u + 10. Suppose 6 = -o + t + t, 0 = o - t + u. What is the greatest common divisor of 18 and o?
2
Let t(b) = 2*b - 7. Let i be t(10). What is the greatest common divisor of 143 and i?
13
Let g = -43 + 17. Let x = -18 - g. What is the highest common divisor of x and 32?
8
Let d = 32 + -16. Suppose 19 = 4*w - 2*r - 7, -5*w = 5*r + 5. What is the highest common divisor of w and d?
4
Suppose 86 = -9*a + 410. Calculate the highest common divisor of a and 108.
36
Suppose -3*l - 99 = -6*l. What is the highest common factor of 297 and l?
33
Let k be ((-3)/(-6))/((-1)/(-102)). What is the highest common divisor of k and 34?
17
Suppose 3*k - 9 = -0*k. Let i(q) = q - 3. Let r be i(k). Suppose d - 4*t + 1 = r, -t + 16 = 3*d + 2*d. Calculate the greatest common factor of 15 and d.
3
Let q be ((-117)/12)/(3/(-36)). Let r be ((-2)/(-6))/(3/q). What is the highest common factor of 143 and r?
13
Let b = -24 - -32. Calculate the highest common divisor of 88 and b.
8
Suppose 16*q - 14*q - y - 56 = 0, q = -3*y + 21. What is the highest common divisor of 81 and q?
27
Suppose -6*x + 5 = -x. Let p be (2*-3)/(x/(-8)). Calculate the greatest common divisor of 12 and p.
12
Let n = 928 - 363. Suppose t - 6*t + n = 0. Let l = -80 + t. What is the greatest common divisor of l and 11?
11
Let u be (-301)/(-3) + (-2)/6. Let p = u + 4. Let v = -16 - -29. What is the greatest common divisor of p and v?
13
Let i be ((-8)/(-6))/((-1)/(-3)). Let q be ((-66)/4)/((-6)/16). Calculate the greatest common factor of q and i.
4
Suppose 2*p + p = -6. Let q be 0 + p/(-1) + -2. Suppose q = 2*s - 2. Calculate the greatest common divisor of s and 7.
1
Let k = 6 + -2. Suppose 0 = o - 1 + k. Let t be (-12)/(-2) - o/(-3). Calculate the greatest common factor of t and 55.
5
Suppose -4 = -2*u + u. Suppose 0 = 4*n + 2*v - 92, v - 28 = -4*n + 66. Suppose b = u*b - n. What is the highest common factor of 8 and b?
8
Suppose 0 = 2*w - 0*w - 4. Let p be 1/w - 3/(-2). What is the greatest common factor of 16 and p?
2
Let a(r) = -r**3 - r**2 + 7. Let x be a(0). Let n be 2 + -9 - 0/(-2). Let d = n + 14. What is the greatest common factor of d and x?
7
Let t be (-153)/21 + 4/14. Let c = t - -17. What is the greatest common divisor of c and 4?
2
Let n be (2/3)/(-1)*9. Let z be n/21 + 130/14. Suppose 0*t = t - z. What is the highest common divisor of t and 36?
9
Let n = -12 + 22. Calculate the highest common divisor of 10 and n.
10
Suppose -2*r - 59 = -179. Calculate the highest common divisor of r and 15.
15
Let s(m) = 5*m. Let j be s(-8). Let z be 2/5 - (-96)/j. Let g be (44/8)/(z/(-4)). Calculate the greatest common divisor of 77 and g.
11
Suppose -556*n + 550*n + 60 = 0. Let p(s) = -3*s. Let z be p(-1). Suppose -z*q + 28 = -2. Calculate the highest common divisor of n and q.
10
Suppose 0 = 2*m - 5*b - 73, 5*m = -0*b - 4*b + 133. Calculate the highest common divisor of m and 29.
29
Let b(y) = y**2 + 5 - 2 + 0. Let m be b(0). Let g be (3*-1)/(-5 + 4). Calculate the greatest common factor of g and m.
3
Suppose 0 = -3*h - 1 - 2. Let p be h/5 + (-78)/(-15). Suppose 5*v + x - 49 - 73 = 0, 110 = 5*v - p*x. Calculate the greatest common factor of v and 16.
8
Let v(i) = 15*i - 16. Let g be v(7). Suppose -5*j - 2*k - k + g = 0, 5*j = 2*k + 99. What is the highest common factor of 171 and j?
19
Let o(t) = t**2 + t - 3. Let a be o(-3). Let s(q) = 5*q + 2. Let p be s(a). Let i = 102 - 17. What is the greatest common divisor of i and p?
17
Let y = 5 + -2. Suppose -3*s + g = 3*g - 55, -y*s + 49 = -g. Suppose 4 = v - s. What is the greatest common divisor of v and 3?
3
Suppose -4*u + 18 = -3*u. Let x = 36 - u. Calculate the greatest common factor of 45 and x.
9
Let f be ((-21)/(-2))/((-33)/(-44)). What is the greatest common divisor of 112 and f?
14
Let y be 5/(15/(-54))*1. Let g = y - -68. What is the greatest common factor of g and 125?
25
Let m be (203/14)/((-1)/(-2) + 0). Calculate the highest common divisor of 58 and m.
29
Suppose -5*a + 1 = -4. Let d be (-86)/(-2) + -2 - a. Let n = -37 - -53. Calculate the highest common factor of d and n.
8
Suppose -g + 0*g + 2*m = -15, -m = 4*g - 87. Calculate the greatest common factor of g and 9.
3
Suppose 5*c + 22 = -8. Let h be (-8)/12 - 796/c. Suppose 5*o + a = 55, -3*o + 29 = 3*a + 8. What is the greatest common divisor of h and o?
12
Let x = -4 + 8. Suppose -38 = -x*w + 5*v, 0 = -3*w + 3*v + 41 - 11. Let r be 6*(w/(-9))/(-2). Calculate the highest common factor of r and 4.
4
Suppose s + 2*h = 3*h, 5*s - 30 = -h. Let r be ((-6)/3)/(-1) + 1. Suppose -20 = -r*j - j. Calculate the highest common divisor of j and s.
5
Let f = 29 + 6. Let i(j) = -j + 10*j**2 + 0*j**2 + 3*j**2. Let m be i(-1). What is the greatest common factor of f and m?
7
Let h = 1 + 3. Let c be (h/2 - 4) + 22. Calculate the highest common factor of c and 50.
10
Let i(o) = -o**3 + 3*o**2 + 2*o - 1. Let d be i(2). Let w be d/4 - 3/(-12). Suppose a + 11 = w*a. What is the greatest common divisor of 33 and a?
11
Suppose -3 - 9 = -5*c + z, 0 = 5*c - 5*z - 20. Suppose 9 + 13 = c*f. Let m(p) = -12*p - 1. Let i be m(-1). Calculate the greatest common factor of f and i.
11
Let m(k) = -k + 17. Let z be m(-4). Calculate the highest common divisor of 7 and z.
7
Suppose 2*g - 56 = -0*g. Suppose i + g = 138. Suppose -2*f = 3*f - i. What is the highest common divisor of 2 and f?
2
Suppose 0 = -2*z - 0*z + 10. Suppose -z*o - 9 = 61. Let t be 4/o - 1390/(-14). Calculate the highest common factor of 9 and t.
9
Suppose -2*p + 5 = -1. Suppose 0 = 5*w - 3*l - 31, -5*w + 54 = -5*l + 19. Suppose -w*i + p*i + 144 = 0. Calculate the greatest common factor of i and 8.
8
Suppose -9 = -4*r + 7. Let q = 2 - -73. Suppose -z = r*z - q. What is the greatest common factor of 45 and z?
15
Let r(z) = -z - 1 + 75 + 6. Let n be r(0). Let x = -26 + 58. What is the highest common factor of n and x?
16
Suppose -t = -6*t - 10. Let r be -1 + t + 2 + 8. What is the greatest common factor of r and 21?
7
Suppose -1392 = -2*a - 6*a. Calculate the highest common factor of a and 29.
29
Let d = 56 - 84. Let u be 25/2*(-48)/(-10). Let s = u - d. Calculate the highest common factor of 11 and s.
11
Let a be 106 - (5 + 14/(-2)). Calculate the highest common divisor of a and 12.
12
Suppose 0 = 3*o + 2*v - 32, 3*v - 2 = 3*o - 44. What is the highest common divisor of o and 108?
12
Let j(i) = -i**2 + 8*i + 3. Let l be j(6). What is the highest common divisor of 10 and l?
5
Suppose 2*n - 144 = 2*v, -3*n - v + 208 = -0*n. Calculate the greatest common factor of n and 50.
10
Suppose 0 + 42 = 3*j. Let m be (0 + -2)*(-63)/j. What is the greatest common divisor of 63 and m?
9
Suppose -4*s + 152 = -0. Calculate the highest common factor of s and 57.
19
Suppose 11 = -2*g + 15. Suppose g*n - k - 9 = 20, 3*n - 4*k = 56. What is the highest common divisor of n and 24?
12
Suppose 2*k + k - 27 = -2*i, 4*k = -4*i + 44. Calculate the greatest common divisor of i and 9.
3
Let k be 140/(-8)*8/(-10). Calculate the greatest common factor of k and 98.
14
Suppose 0 = -5*i - 2*g - g - 4, -i = 2*g + 5. Let q(o) = o + 5. Let s be q(-3). Let p be 4 - (-2)/((-4)/s). Calculate the highest common factor of i and p.
1
Let r be (231/(-9))/((-1)/3). Suppose -6*b + 2*c = -b - 47, -8 = -2*c. Calculate the highest common factor of r and b.
11
Suppose 4 = h - 0. Suppose 3*p - 253 + 37 = 0. Suppose -p = -t - t. Calculate the highest common divisor of h and t.
4
Let c = 10 - -50. Suppose -5*m - 2*b = -50, -3*m - 4*b - 44 = -5*m. What is the highest common factor of m and c?
12
Let u(y) = -y**2 - 6*y + 9. Let w be u(-6). Let r be 2/(-7) + (-1138)/(-14). Calculate the highest common divisor of r and w.
9
Let m(j) = j**3 - j**2 - 5*j + 2. Let n be m(4). What is the greatest common divisor of 3 and n?
3
Let i(b) = -5*b + 47. Let r be i(9). Calculate the highest common divisor of 1 and r.
1
Let p(r) = r**2 + 4*r - 6. Let q = -11 - -5. Let y be p(q). What is the highest common factor of y and 48?
6
Suppose -3*a - 5*n + 40 + 70 = 0, 20 = -4*n. What is the highest common divisor of 15 and a?
15
Suppose 238 = 12*